310?
10
Calculate the greatest common divisor of 6474 and 624.
78
Calculate the greatest common factor of 268 and 75844.
268
What is the highest common factor of 276 and 84?
12
Calculate the highest common divisor of 320 and 48.
16
What is the greatest common divisor of 1380 and 24?
12
What is the greatest common factor of 8 and 36?
4
Calculate the highest common factor of 374 and 1156.
34
Calculate the highest common divisor of 16 and 2344.
8
What is the greatest common factor of 371 and 56?
7
What is the highest common divisor of 4285 and 5?
5
Calculate the greatest common factor of 287 and 91.
7
Calculate the highest common divisor of 260 and 60.
20
What is the greatest common divisor of 24779 and 213?
71
Calculate the highest common factor of 78 and 3705.
39
Calculate the greatest common factor of 603 and 2613.
201
Calculate the greatest common divisor of 1995 and 7.
7
What is the greatest common divisor of 10 and 110?
10
What is the greatest common factor of 60 and 2?
2
Calculate the highest common divisor of 152 and 2052.
76
What is the highest common divisor of 128 and 23104?
64
What is the greatest common divisor of 78 and 338?
26
Calculate the greatest common factor of 14 and 1792.
14
Calculate the greatest common factor of 1972 and 29.
29
Calculate the greatest common divisor of 76 and 16.
4
Calculate the highest common divisor of 930 and 4340.
310
What is the greatest common factor of 22 and 2486?
22
Calculate the greatest common divisor of 20 and 1500.
20
Calculate the highest common divisor of 555 and 465.
15
What is the greatest common divisor of 73 and 511?
73
What is the greatest common factor of 320 and 16?
16
What is the highest common divisor of 52 and 52?
52
Calculate the greatest common factor of 9528 and 24.
24
What is the highest common factor of 5244 and 368?
92
What is the highest common divisor of 116 and 4?
4
What is the highest common divisor of 2397 and 141?
141
What is the greatest common factor of 152 and 6156?
76
Calculate the greatest common divisor of 767 and 59.
59
Calculate the greatest common factor of 319 and 22.
11
Calculate the highest common factor of 2 and 686.
2
What is the greatest common factor of 16 and 1616?
16
What is the highest common divisor of 1030 and 10?
10
What is the highest common factor of 4992 and 936?
312
Calculate the greatest common factor of 72 and 72.
72
Calculate the highest common divisor of 1694 and 110.
22
What is the highest common divisor of 72 and 27?
9
What is the highest common divisor of 36 and 372?
12
Calculate the greatest common factor of 74 and 629.
37
What is the highest common divisor of 23140 and 52?
52
What is the greatest common divisor of 17 and 714?
17
Calculate the highest common divisor of 153 and 34.
17
What is the highest common factor of 836 and 55?
11
What is the highest common factor of 56 and 16?
8
Calculate the highest common divisor of 140 and 60.
20
Calculate the highest common divisor of 6 and 750.
6
What is the highest common factor of 153 and 68?
17
Calculate the highest common factor of 138 and 6693.
69
What is the greatest common factor of 10 and 62?
2
Calculate the highest common factor of 260 and 364.
52
What is the highest common factor of 45 and 4?
1
What is the greatest common factor of 2142 and 1890?
126
What is the greatest common divisor of 212 and 4?
4
What is the greatest common divisor of 1284 and 28?
4
Calculate the highest common divisor of 528 and 330.
66
Calculate the highest common factor of 150 and 400.
50
Calculate the highest common factor of 1710 and 20.
10
What is the greatest common divisor of 3 and 17?
1
Calculate the greatest common factor of 39 and 26.
13
Calculate the highest common divisor of 2318 and 793.
61
What is the greatest common factor of 368 and 16?
16
What is the greatest common factor of 2375 and 1045?
95
What is the highest common factor of 4312 and 792?
88
Calculate the greatest common factor of 210 and 14735.
35
What is the highest common factor of 50502 and 114?
114
What is the greatest common factor of 1034 and 470?
94
Calculate the greatest common factor of 3484 and 52.
52
What is the greatest common factor of 81 and 81?
81
Calculate the highest common divisor of 11460 and 60.
60
What is the greatest common divisor of 1975 and 125?
25
Calculate the greatest common divisor of 1100 and 66.
22
Calculate the highest common factor of 39520 and 260.
260
What is the highest common divisor of 1105 and 390?
65
Calculate the greatest common factor of 636 and 24.
12
What is the highest common divisor of 47 and 799?
47
Calculate the greatest common divisor of 3 and 2589.
3
What is the greatest common factor of 42 and 2478?
42
Calculate the greatest common factor of 25 and 675.
25
What is the greatest common divisor of 41 and 2?
1
Calculate the greatest common factor of 19 and 11723.
19
Calculate the greatest common factor of 56703 and 41.
41
What is the greatest common factor of 2552 and 88?
88
Calculate the highest common factor of 196 and 8.
4
Calculate the greatest common factor of 231 and 21.
21
Calculate the greatest common factor of 27 and 2151.
9
What is the highest common factor of 3794 and 112?
14
What is the greatest common factor of 36 and 2916?
36
Calculate the greatest common factor of 3 and 83.
1
Calculate the greatest common factor of 6305 and 65.
65
Calculate the highest common factor of 105 and 645.
15
What is the greatest common divisor of 7260 and 495?
165
What is the greatest common divisor of 53 and 21253?
53
Calculate the highest common divisor of 713 and 1550.
31
Calculate the highest common divisor of 8155 and 35.
35
Calculate the greatest common divisor of 170 and 50.
10
What is the highest common divisor of 169 and 11323?
169
What is the greatest common divisor of 27 and 9?
9
Calculate the highest common factor of 57029 and 7.
7
What is the greatest common factor of 12 and 121236?
12
What is the highest common divisor of 276 and 391?
23
What is the highest common factor of 550 and 50?
50
What is the greatest common divisor of 2016 and 1120?
224
Calculate the highest common divisor of 689 and 13.
13
What is the highest common divisor of 299 and 115?
23
Calculate the highest common factor of 990 and 360.
90
What is the highest common factor of 147 and 3?
3
Calculate the highest common factor of 55 and 10.
5
What is the greatest common divisor of 2117 and 73?
73
What is the greatest common divisor of 2678 and 312?
26
What is the highest common factor of 800 and 50?
50
What is the greatest common factor of 77 and 7?
7
Calculate the greatest common divisor of 88 and 616.
88
What is the greatest common divisor of 72 and 396?
36
Calculate the highest common factor of 64 and 72.
8
Calculate the greatest common divisor of 42 and 546.
42
What is the greatest common factor of 21425 and 25?
25
Calculate the greatest common divisor of 6816 and 384.
96
Calculate the greatest common divisor of 182 and 26.
26
What is the highest common factor of 88 and 1?
1
Calculate the highest common factor of 70 and 350.
70
Calculate the highest common factor of 12 and 24.
12
What is the greatest common factor of 1102 and 261?
29
What is the greatest common divisor of 408 and 132?
12
What is the greatest common factor of 14 and 211?
1
Calculate the highest common divisor of 5292 and 2016.
252
Calculate the greatest common divisor of 11426 and 116.
58
What is the highest common divisor of 2637 and 9?
9
What is the highest common factor of 262 and 73098?
262
What is the greatest common divisor of 3 and 723?
3
Calculate the highest common divisor of 3 and 1713.
3
What is the greatest common factor of 216 and 81?
27
What is the greatest common factor of 165 and 30?
15
What is the greatest common factor of 492 and 1200?
12
Calculate the highest common factor of 147 and 343.
49
Calculate the highest common divisor of 57 and 361.
19
Calculate the greatest common factor of 17 and 136.
17
Calculate the greatest common factor of 760 and 260.
20
What is the highest common divisor of 10 and 92?
2
Calculate the greatest common factor of 1053 and 81.
81
What is the greatest common factor of 2495 and 20?
5
Calculate the highest common divisor of 38 and 3667.
19
Calculate the greatest common divisor of 15 and 480.
15
Calculate 